{"id":4160,"date":"2024-06-27T14:03:34","date_gmt":"2024-06-27T12:03:34","guid":{"rendered":"https:\/\/senegal.diplomatie.gov.bf\/?page_id=4160"},"modified":"2024-10-02T12:54:23","modified_gmt":"2024-10-02T12:54:23","slug":"le-chef-de-poste","status":"publish","type":"page","link":"https:\/\/senegal.diplomatie.gov.bf\/index.php\/le-chef-de-poste\/","title":{"rendered":"Le chef de poste"},"content":{"rendered":"\t\t<div data-elementor-type=\"wp-page\" data-elementor-id=\"4160\" class=\"elementor elementor-4160\" data-elementor-post-type=\"page\">\n\t\t\t\t<div data-particle_enable=\"false\" data-particle-mobile-disabled=\"false\" class=\"elementor-element elementor-element-8ffad6f e-flex e-con-boxed e-con e-parent\" data-id=\"8ffad6f\" data-element_type=\"container\" data-e-type=\"container\">\n\t\t\t\t\t<div class=\"e-con-inner\">\n\t\t<div data-particle_enable=\"false\" data-particle-mobile-disabled=\"false\" class=\"elementor-element elementor-element-16c4fa1 e-con-full e-flex e-con e-child\" data-id=\"16c4fa1\" data-element_type=\"container\" data-e-type=\"container\">\n\t\t\t\t<div class=\"elementor-element elementor-element-b2e5f52 elementor-widget elementor-widget-theme-post-featured-image elementor-widget-image\" data-id=\"b2e5f52\" data-element_type=\"widget\" data-e-type=\"widget\" data-widget_type=\"theme-post-featured-image.default\">\n\t\t\t\t<div class=\"elementor-widget-container\">\n\t\t\t\t\t\t\t\t\t\t\t\t\t\t\t<img fetchpriority=\"high\" decoding=\"async\" width=\"300\" height=\"200\" src=\"https:\/\/senegal.diplomatie.gov.bf\/wp-content\/uploads\/sites\/30\/2024\/10\/amba_senegal1.jpg\" class=\"attachment-medium size-medium wp-image-5047\" alt=\"\" \/>\t\t\t\t\t\t\t\t\t\t\t\t\t\t\t<\/div>\n\t\t\t\t<\/div>\n\t\t\t\t<div class=\"elementor-element elementor-element-15fdefa elementor-widget elementor-widget-heading\" data-id=\"15fdefa\" data-element_type=\"widget\" data-e-type=\"widget\" data-widget_type=\"heading.default\">\n\t\t\t\t<div class=\"elementor-widget-container\">\n\t\t\t\t\t<h2 class=\"elementor-heading-title elementor-size-default\">Son Excellence Monsieur Sa\u00efdou MAIGA<\/h2>\t\t\t\t<\/div>\n\t\t\t\t<\/div>\n\t\t\t\t<div class=\"elementor-element elementor-element-46328d4 elementor-widget elementor-widget-heading\" data-id=\"46328d4\" data-element_type=\"widget\" data-e-type=\"widget\" data-widget_type=\"heading.default\">\n\t\t\t\t<div class=\"elementor-widget-container\">\n\t\t\t\t\t<h2 class=\"elementor-heading-title elementor-size-default\">Ambassadeur du Burkina Faso \u00e0 Dakar <\/h2>\t\t\t\t<\/div>\n\t\t\t\t<\/div>\n\t\t\t\t<\/div>\n\t\t\t\t<div class=\"elementor-element elementor-element-772061a eael-divider-center elementor-widget elementor-widget-eael-divider\" data-id=\"772061a\" data-element_type=\"widget\" data-e-type=\"widget\" data-widget_type=\"eael-divider.default\">\n\t\t\t\t<div class=\"elementor-widget-container\">\n\t\t\t\t\t\t\t<div class=\"eael-divider-wrap divider-direction-vertical\">\n\t\t\t\t\t\t\t<div class=\"divider-text-container\">\n\t\t\t\t\t<div class=\"divider-text-wrap\">\n\t\t\t\t\t\t\t\t\t\t\t\t\t<span class=\"divider-border-wrap divider-border-left\">\n\t\t\t\t\t\t\t\t<span class=\"divider-border\"><\/span>\n\t\t\t\t\t\t\t<\/span>\n\t\t\t\t\t\t\t\t\t\t\t\t<span class=\"eael-divider-content\">\n\t\t\t\t\t\t\t\t\t\t\t\t\t\t\t<span class=\"eael-divider-icon\">\n\t\t\t\t\t\t\t\t\t\t\t\t\t\t\t\t\t\t\t<svg aria-hidden=\"false\" class=\"e-font-icon-svg e-fas-star\" viewBox=\"0 0 576 512\" xmlns=\"http:\/\/www.w3.org\/2000\/svg\"><path d=\"M259.3 17.8L194 150.2 47.9 171.5c-26.2 3.8-36.7 36.1-17.7 54.6l105.7 103-25 145.5c-4.5 26.3 23.2 46 46.4 33.7L288 439.6l130.7 68.7c23.2 12.2 50.9-7.4 46.4-33.7l-25-145.5 105.7-103c19-18.5 8.5-50.8-17.7-54.6L382 150.2 316.7 17.8c-11.7-23.6-45.6-23.9-57.4 0z\"><\/path><\/svg>\t\t\t\t\t\t\t\t\t\t\t\t\t\t\t\t\t<\/span>\n\t\t\t\t\t\t\t\t\t\t\t\t\t<\/span>\n\t\t\t\t\t\t\t\t\t\t\t\t\t<span class=\"divider-border-wrap divider-border-right\">\n\t\t\t\t\t\t\t\t<span class=\"divider-border\"><\/span>\n\t\t\t\t\t\t\t<\/span>\n\t\t\t\t\t\t\t\t\t\t\t<\/div>\n\t\t\t\t<\/div>\n\t\t\t\t\t<\/div>\n\t\t\t\t<\/div>\n\t\t\t\t<\/div>\n\t\t<div data-particle_enable=\"false\" data-particle-mobile-disabled=\"false\" class=\"elementor-element elementor-element-9857bd3 e-con-full e-flex e-con e-child\" data-id=\"9857bd3\" data-element_type=\"container\" data-e-type=\"container\">\n\t\t\t\t<div class=\"elementor-element elementor-element-43a24dd3 elementor-widget elementor-widget-heading\" data-id=\"43a24dd3\" data-element_type=\"widget\" data-e-type=\"widget\" data-widget_type=\"heading.default\">\n\t\t\t\t<div class=\"elementor-widget-container\">\n\t\t\t\t\t<h2 class=\"elementor-heading-title elementor-size-default\">Parcours de l'Ambassadeur<\/h2>\t\t\t\t<\/div>\n\t\t\t\t<\/div>\n\t\t\t\t<div class=\"elementor-element elementor-element-564ecc86 elementor-widget elementor-widget-eael-adv-accordion\" data-id=\"564ecc86\" data-element_type=\"widget\" data-e-type=\"widget\" data-widget_type=\"eael-adv-accordion.default\">\n\t\t\t\t<div class=\"elementor-widget-container\">\n\t\t\t\t\t            <div class=\"eael-adv-accordion\" id=\"eael-adv-accordion-564ecc86\" data-scroll-on-click=\"no\" data-scroll-speed=\"300\" data-accordion-id=\"564ecc86\" data-accordion-type=\"accordion\" data-toogle-speed=\"300\">\n            <div class=\"eael-accordion-list\">\n\t\t\t\t\t<div id=\"etat-civil\" class=\"elementor-tab-title eael-accordion-header\" tabindex=\"0\" data-tab=\"1\" aria-controls=\"elementor-tab-content-1441\"><span class=\"eael-advanced-accordion-icon-closed\"><svg aria-hidden=\"true\" class=\"fa-accordion-icon e-font-icon-svg e-fas-plus\" viewBox=\"0 0 448 512\" xmlns=\"http:\/\/www.w3.org\/2000\/svg\"><path d=\"M416 208H272V64c0-17.67-14.33-32-32-32h-32c-17.67 0-32 14.33-32 32v144H32c-17.67 0-32 14.33-32 32v32c0 17.67 14.33 32 32 32h144v144c0 17.67 14.33 32 32 32h32c17.67 0 32-14.33 32-32V304h144c17.67 0 32-14.33 32-32v-32c0-17.67-14.33-32-32-32z\"><\/path><\/svg><\/span><span class=\"eael-advanced-accordion-icon-opened\"><svg aria-hidden=\"true\" class=\"fa-accordion-icon e-font-icon-svg e-fas-minus\" viewBox=\"0 0 448 512\" xmlns=\"http:\/\/www.w3.org\/2000\/svg\"><path d=\"M416 208H32c-17.67 0-32 14.33-32 32v32c0 17.67 14.33 32 32 32h384c17.67 0 32-14.33 32-32v-32c0-17.67-14.33-32-32-32z\"><\/path><\/svg><\/span><span class=\"eael-accordion-tab-title\">ETAT CIVIL<\/span><svg aria-hidden=\"true\" class=\"fa-toggle e-font-icon-svg e-fas-angle-right\" viewBox=\"0 0 256 512\" xmlns=\"http:\/\/www.w3.org\/2000\/svg\"><path d=\"M224.3 273l-136 136c-9.4 9.4-24.6 9.4-33.9 0l-22.6-22.6c-9.4-9.4-9.4-24.6 0-33.9l96.4-96.4-96.4-96.4c-9.4-9.4-9.4-24.6 0-33.9L54.3 103c9.4-9.4 24.6-9.4 33.9 0l136 136c9.5 9.4 9.5 24.6.1 34z\"><\/path><\/svg><\/div><div id=\"elementor-tab-content-1441\" class=\"eael-accordion-content clearfix\" data-tab=\"1\" aria-labelledby=\"etat-civil\"><p><strong>Nom: MA\u00cfGA<\/strong><br \/><strong>Pr\u00e9nom<\/strong>: Sa\u00efdou<\/p><p><strong>Profil:<\/strong><br \/>Inspecteur des imp\u00f4ts<br \/><strong>Adresse e-mail:<\/strong><br \/>tchimi71@gmail.com<br \/><strong>Num\u00e9ro de t\u00e9l\u00e9phone:<\/strong><br \/>70 20 85 37<br \/><strong>Date de naissance:<\/strong><br \/>21 f\u00e9vrier 1971<br \/><strong>Lieu de naissance:<\/strong><br \/>OUAGADOUGOU<br \/><strong>Sexe:<\/strong><br \/>Masculin<br \/><strong>Nationalit\u00e9<\/strong><br \/>BURKINABE<br \/><strong>\u00c9tat civil:<\/strong><br \/>Mari\u00e9, 1 enfant<\/p><\/div>\n\t\t\t\t\t<\/div><div class=\"eael-accordion-list\">\n\t\t\t\t\t<div id=\"cursus-scolaire-et-universitaire\" class=\"elementor-tab-title eael-accordion-header\" tabindex=\"0\" data-tab=\"2\" aria-controls=\"elementor-tab-content-1442\"><span class=\"eael-advanced-accordion-icon-closed\"><svg aria-hidden=\"true\" class=\"fa-accordion-icon e-font-icon-svg e-fas-plus\" viewBox=\"0 0 448 512\" xmlns=\"http:\/\/www.w3.org\/2000\/svg\"><path d=\"M416 208H272V64c0-17.67-14.33-32-32-32h-32c-17.67 0-32 14.33-32 32v144H32c-17.67 0-32 14.33-32 32v32c0 17.67 14.33 32 32 32h144v144c0 17.67 14.33 32 32 32h32c17.67 0 32-14.33 32-32V304h144c17.67 0 32-14.33 32-32v-32c0-17.67-14.33-32-32-32z\"><\/path><\/svg><\/span><span class=\"eael-advanced-accordion-icon-opened\"><svg aria-hidden=\"true\" class=\"fa-accordion-icon e-font-icon-svg e-fas-minus\" viewBox=\"0 0 448 512\" xmlns=\"http:\/\/www.w3.org\/2000\/svg\"><path d=\"M416 208H32c-17.67 0-32 14.33-32 32v32c0 17.67 14.33 32 32 32h384c17.67 0 32-14.33 32-32v-32c0-17.67-14.33-32-32-32z\"><\/path><\/svg><\/span><span class=\"eael-accordion-tab-title\">CURSUS SCOLAIRE ET UNIVERSITAIRE<\/span><svg aria-hidden=\"true\" class=\"fa-toggle e-font-icon-svg e-fas-angle-right\" viewBox=\"0 0 256 512\" xmlns=\"http:\/\/www.w3.org\/2000\/svg\"><path d=\"M224.3 273l-136 136c-9.4 9.4-24.6 9.4-33.9 0l-22.6-22.6c-9.4-9.4-9.4-24.6 0-33.9l96.4-96.4-96.4-96.4c-9.4-9.4-9.4-24.6 0-33.9L54.3 103c9.4-9.4 24.6-9.4 33.9 0l136 136c9.5 9.4 9.5 24.6.1 34z\"><\/path><\/svg><\/div><div id=\"elementor-tab-content-1442\" class=\"eael-accordion-content clearfix\" data-tab=\"2\" aria-labelledby=\"cursus-scolaire-et-universitaire\"><p><strong>Ecole Primaire<\/strong> 1978 &#8211; 1984<br \/><strong>Ecole Dori A<\/strong> (cp1 &#8211; ce2)<br \/><strong>Ecole P\u00f4 B<\/strong> (cm1)<br \/><strong>\u00a0Ecole Sampelga<\/strong> (cm2)<br \/>Secondaire 1984-1992<br \/><strong>Ecole des cadets de la revolutio<\/strong>n (PMK) (6\u00e8me)<br \/>L<strong>yc\u00e9e mixte de Gounghin<\/strong> (5\u00e8me &#8211; 2nd)<br \/><strong>Lyc\u00e9e Marien N\u2019Gouabi<\/strong> (1\u00e8re c &#8211; tle c)<br \/><strong>\u00a0\u00a0\u00a0\u00a0\u00a0\u00a0 Sup\u00e9rieur<\/strong><br \/>Facult\u00e9 des sciences et techniques, Universit\u00e9 de Ouagadougou <br \/>(1992)<br \/>Facult\u00e9 des sciences juridiques et politiques,Universit\u00e9 saint <br \/>Thomas d\u2019Acquin (2010-2014)<br \/>Madiba Leadership Institut, formation en Master <br \/>D\u00e9centralisation et Gouvernance Territoriale (2022-2023)<\/p><\/div>\n\t\t\t\t\t<\/div><div class=\"eael-accordion-list\">\n\t\t\t\t\t<div id=\"formations-complementaires\" class=\"elementor-tab-title eael-accordion-header\" tabindex=\"0\" data-tab=\"3\" aria-controls=\"elementor-tab-content-1443\"><span class=\"eael-advanced-accordion-icon-closed\"><svg aria-hidden=\"true\" class=\"fa-accordion-icon e-font-icon-svg e-fas-plus\" viewBox=\"0 0 448 512\" xmlns=\"http:\/\/www.w3.org\/2000\/svg\"><path d=\"M416 208H272V64c0-17.67-14.33-32-32-32h-32c-17.67 0-32 14.33-32 32v144H32c-17.67 0-32 14.33-32 32v32c0 17.67 14.33 32 32 32h144v144c0 17.67 14.33 32 32 32h32c17.67 0 32-14.33 32-32V304h144c17.67 0 32-14.33 32-32v-32c0-17.67-14.33-32-32-32z\"><\/path><\/svg><\/span><span class=\"eael-advanced-accordion-icon-opened\"><svg aria-hidden=\"true\" class=\"fa-accordion-icon e-font-icon-svg e-fas-minus\" viewBox=\"0 0 448 512\" xmlns=\"http:\/\/www.w3.org\/2000\/svg\"><path d=\"M416 208H32c-17.67 0-32 14.33-32 32v32c0 17.67 14.33 32 32 32h384c17.67 0 32-14.33 32-32v-32c0-17.67-14.33-32-32-32z\"><\/path><\/svg><\/span><span class=\"eael-accordion-tab-title\">FORMATIONS COMPLEMENTAIRES<\/span><svg aria-hidden=\"true\" class=\"fa-toggle e-font-icon-svg e-fas-angle-right\" viewBox=\"0 0 256 512\" xmlns=\"http:\/\/www.w3.org\/2000\/svg\"><path d=\"M224.3 273l-136 136c-9.4 9.4-24.6 9.4-33.9 0l-22.6-22.6c-9.4-9.4-9.4-24.6 0-33.9l96.4-96.4-96.4-96.4c-9.4-9.4-9.4-24.6 0-33.9L54.3 103c9.4-9.4 24.6-9.4 33.9 0l136 136c9.5 9.4 9.5 24.6.1 34z\"><\/path><\/svg><\/div><div id=\"elementor-tab-content-1443\" class=\"eael-accordion-content clearfix\" data-tab=\"3\" aria-labelledby=\"formations-complementaires\"><p>Finances publiques option fiscalit\u00e9 oct.2001- avr. 2004<br \/>Ecole nationale des r\u00e9gies financi\u00e8re, OUAGADOUGOU<br \/>formation au cycle sup\u00e9rieur des r\u00e9gies financi\u00e8res du<br \/>Burkina Faso en fiscalit\u00e9 (Bac+ 5)<br \/>Fiscalit\u00e9 mini\u00e8re, suivi comptable<br \/>\u00e9valuation \u00e9conomique des projets<br \/>miniers avril 2014-mai 2014<br \/>Ecole des mines de Paris, fontainebleau<br \/>Cours en pr\u00e9sentiel ayant abouti \u00e0 un certificat en fiscalit\u00e9 <br \/>mini\u00e8re, suivi comptable et \u00e9valuation \u00e9conomique des <br \/>projets miniers :<br \/>Partage d\u2019exp\u00e9rience sur l\u2019imposition des profits miniers ;<br \/>Cours sur les principes comptables des groupes miniers<br \/>Cours sur les m\u00e9thodes d\u2019\u00e9valuation des projets miniers<br \/>de l\u2019exploration \u00e0 l\u2019exploitation;<br \/>\u00c9changes d\u2019exp\u00e9rience sur la lutte contre la fraude fiscale dans le domaine minier<\/p><\/div>\n\t\t\t\t\t<\/div><div class=\"eael-accordion-list\">\n\t\t\t\t\t<div id=\"experiences-professionnelles\" class=\"elementor-tab-title eael-accordion-header\" tabindex=\"0\" data-tab=\"4\" aria-controls=\"elementor-tab-content-1444\"><span class=\"eael-advanced-accordion-icon-closed\"><svg aria-hidden=\"true\" class=\"fa-accordion-icon e-font-icon-svg e-fas-plus\" viewBox=\"0 0 448 512\" xmlns=\"http:\/\/www.w3.org\/2000\/svg\"><path d=\"M416 208H272V64c0-17.67-14.33-32-32-32h-32c-17.67 0-32 14.33-32 32v144H32c-17.67 0-32 14.33-32 32v32c0 17.67 14.33 32 32 32h144v144c0 17.67 14.33 32 32 32h32c17.67 0 32-14.33 32-32V304h144c17.67 0 32-14.33 32-32v-32c0-17.67-14.33-32-32-32z\"><\/path><\/svg><\/span><span class=\"eael-advanced-accordion-icon-opened\"><svg aria-hidden=\"true\" class=\"fa-accordion-icon e-font-icon-svg e-fas-minus\" viewBox=\"0 0 448 512\" xmlns=\"http:\/\/www.w3.org\/2000\/svg\"><path d=\"M416 208H32c-17.67 0-32 14.33-32 32v32c0 17.67 14.33 32 32 32h384c17.67 0 32-14.33 32-32v-32c0-17.67-14.33-32-32-32z\"><\/path><\/svg><\/span><span class=\"eael-accordion-tab-title\">EXPERIENCES PROFESSIONNELLES<\/span><svg aria-hidden=\"true\" class=\"fa-toggle e-font-icon-svg e-fas-angle-right\" viewBox=\"0 0 256 512\" xmlns=\"http:\/\/www.w3.org\/2000\/svg\"><path d=\"M224.3 273l-136 136c-9.4 9.4-24.6 9.4-33.9 0l-22.6-22.6c-9.4-9.4-9.4-24.6 0-33.9l96.4-96.4-96.4-96.4c-9.4-9.4-9.4-24.6 0-33.9L54.3 103c9.4-9.4 24.6-9.4 33.9 0l136 136c9.5 9.4 9.5 24.6.1 34z\"><\/path><\/svg><\/div><div id=\"elementor-tab-content-1444\" class=\"eael-accordion-content clearfix\" data-tab=\"4\" aria-labelledby=\"experiences-professionnelles\"><p><strong>Profi<\/strong>l<br \/>Inspecteur des imp\u00f4ts<br \/><strong>Formation<\/strong><br \/>Finances publiques option fiscalit\u00e9 oct.<strong>2001- avr. 2004<\/strong><br \/>Ecole nationale des r\u00e9gies financi\u00e8re, OUAGADOUGOU<br \/>formation au cycle sup\u00e9rieur des r\u00e9gies financi\u00e8res du<br \/>Burkina Faso en fiscalit\u00e9 (Bac+ 5)<br \/>Fiscalit\u00e9 mini\u00e8re, suivi comptable<br \/>\u00e9valuation \u00e9conomique des projets<br \/>miniers <strong>avril 2014-mai 2014<\/strong><br \/>Ecole des mines de Paris, fontaine bleau cours en pr\u00e9sentiel ayant abouti \u00e0 un certificat en fiscalit\u00e9 <br \/>mini\u00e8re, suivi comptable et \u00e9valuation \u00e9conomique des <br \/>projets miniers :<br \/>Partage d\u2019exp\u00e9rience sur l\u2019imposition des profits miniers ;<br \/>Cours sur les principes comptables des groupes miniers<br \/>Cours sur les m\u00e9thodes d\u2019\u00e9valuation des projets miniers<br \/>de l\u2019exploration \u00e0 l\u2019exploitation;<br \/>\u00c9changes d\u2019exp\u00e9rience sur la lutte contre la fraude fiscale dans le domaine minier.<br \/><strong>Exp\u00e9rience professionnelle<\/strong><br \/>Auditeur en Master D\u00e9centralisation et Gouvernance <br \/>Territoriale au Madiba Leadership Institut, Dakar, S\u00e9n\u00e9gal<br \/>Membre de la cellule d\u2019appui technique de la Direction <br \/>g\u00e9n\u00e9rale des \u00e9tudes et statistiques sectorielles du minist\u00e8re <br \/>des finances <strong>f\u00e9vrier 2022-juillet 2023<\/strong><br \/>Charg\u00e9 de mission au minist\u00e8re des ressources animales; <br \/>OUAGADOUGOU<strong> sept. 2016 &#8211; dec. 2020<\/strong><br \/>\u2022 ex\u00e9cution de toute mission confi\u00e9e par le Ministre2<br \/>Ministre de l\u2019Environnement et desressourceshalieutiques, <br \/>OUAGADOUGOU <strong>nov. 2014 &#8211; dec. 2015<\/strong><br \/>\u2022 coordinnation des activit\u00e9s du minist\u00e8re en charge de<br \/>l\u2019environnement<br \/>Charg\u00e9 d\u2019enqu\u00eate et de recherche \u00e0 la<br \/>Direction du contr\u00f4le fiscal de DGI, OUAGADOUGOU<br \/>sept.2013 &#8211; oct.2014<br \/>\u2022 ex\u00e9cution de missions de lutte contre la fraude et l\u2019\u00e9vasion<br \/>fiscale;<br \/>\u2022 r\u00e9daction de monographie ;<br \/>\u2022 r\u00e9alisation d\u2019\u00e9tudes et d\u2019enqu\u00eates fiscales;<br \/>\u2022 collecte, traitement et transmission du renseignement <br \/>fiscal;<br \/>\u2022 collecte des informations sur les entreprise mini\u00e8res au profit de l\u2019ITIE<br \/>Charg\u00e9 d\u2019\u00e9tude \u00e0 la Direction de la l\u00e9gislation et du <br \/>contentieux de la DGI, OUAGADOUGOU ao\u00fbt 2011 &#8211; ao\u00fbt 2013<br \/>\u2022 R\u00e9daction d\u2019actes\/ instruction des demandes <br \/>d\u2019exon\u00e9ration Fiscale<br \/>\u2022 Repr\u00e9sentation de la Direction g\u00e9n\u00e9rales des imp\u00f4ts aux travaux de la commission nationale des investissements ;<br \/>de la commission nationale des mines.<br \/>Membre repr\u00e9sentant de la Direction g\u00e9n\u00e9rale des imp\u00f4ts \u00e0 la <br \/>Brigade nationale anti-fraude de l\u2019or (BNAF) 2007-2011<br \/>\u2022 Ex\u00e9cutions de mission de lutte contre la fraude de l\u2019or<br \/>Chef d\u2019Equipe au Service des enqu\u00eates de la DGI 2004-2007<br \/>\u2022 Ex\u00e9cutions de missions de lutte contre la fraude et <br \/>l\u2019\u00e9vasion fiscales ;<br \/>\u2022 R\u00e9daction de monographies ;<br \/>\u2022 Collecte, traitement et transmission du renseignement fiscal<br \/>V\u00e9rificateur \u00e0 la Brigade de v\u00e9rification et des enqu\u00eates II du Centre, Ouagadougou <strong>1999-2001<\/strong><br \/>\u2022 Ex\u00e9cutions de missions de v\u00e9rification de comptabilit\u00e9 des <br \/>entreprises<br \/>V\u00e9rificateur \u00e0 la Brigade de v\u00e9rification et des enqu\u00eates du <br \/>Nord, Ouahigouya <strong>1995-1999<\/strong><br \/>Langues<br \/>\u25fcFran\u00e7ais, courant<br \/>\u25fcAnglais,<br \/>interm\u00e9diaire<br \/>\u25fcSonrha\u00ef ; courant<br \/>\u25fc Fulfuld\u00e9, <br \/>interm\u00e9diaire<br \/>\u25fc Moor\u00e9, courant<br \/>Centres <br \/>d\u2019int\u00e9r\u00eats<br \/>\u25fc Lecture<br \/>\u25fc Cin\u00e9ma<br \/>Qualit\u00e9s<br \/>\u25fc Loyal<br \/>\u25fc Sinc\u00e8re dans mes <br \/>relations<br \/>\u25fc Travailleur<br \/>\u25fc Courtois\u2022 Ex\u00e9cutions de missions de v\u00e9rification de comptabilit\u00e9 des <br \/>entreprises<\/p><\/div>\n\t\t\t\t\t<\/div><div class=\"eael-accordion-list\">\n\t\t\t\t\t<div id=\"autres\" class=\"elementor-tab-title eael-accordion-header\" tabindex=\"0\" data-tab=\"6\" aria-controls=\"elementor-tab-content-1446\"><span class=\"eael-advanced-accordion-icon-closed\"><svg aria-hidden=\"true\" class=\"fa-accordion-icon e-font-icon-svg e-fas-plus\" viewBox=\"0 0 448 512\" xmlns=\"http:\/\/www.w3.org\/2000\/svg\"><path d=\"M416 208H272V64c0-17.67-14.33-32-32-32h-32c-17.67 0-32 14.33-32 32v144H32c-17.67 0-32 14.33-32 32v32c0 17.67 14.33 32 32 32h144v144c0 17.67 14.33 32 32 32h32c17.67 0 32-14.33 32-32V304h144c17.67 0 32-14.33 32-32v-32c0-17.67-14.33-32-32-32z\"><\/path><\/svg><\/span><span class=\"eael-advanced-accordion-icon-opened\"><svg aria-hidden=\"true\" class=\"fa-accordion-icon e-font-icon-svg e-fas-minus\" viewBox=\"0 0 448 512\" xmlns=\"http:\/\/www.w3.org\/2000\/svg\"><path d=\"M416 208H32c-17.67 0-32 14.33-32 32v32c0 17.67 14.33 32 32 32h384c17.67 0 32-14.33 32-32v-32c0-17.67-14.33-32-32-32z\"><\/path><\/svg><\/span><span class=\"eael-accordion-tab-title\">AUTRES<\/span><svg aria-hidden=\"true\" class=\"fa-toggle e-font-icon-svg e-fas-angle-right\" viewBox=\"0 0 256 512\" xmlns=\"http:\/\/www.w3.org\/2000\/svg\"><path d=\"M224.3 273l-136 136c-9.4 9.4-24.6 9.4-33.9 0l-22.6-22.6c-9.4-9.4-9.4-24.6 0-33.9l96.4-96.4-96.4-96.4c-9.4-9.4-9.4-24.6 0-33.9L54.3 103c9.4-9.4 24.6-9.4 33.9 0l136 136c9.5 9.4 9.5 24.6.1 34z\"><\/path><\/svg><\/div><div id=\"elementor-tab-content-1446\" class=\"eael-accordion-content clearfix\" data-tab=\"6\" aria-labelledby=\"autres\"><p><strong>Activit\u00e9s extra-professionnelles<\/strong><br \/>D\u00e9put\u00e9 oct. <strong>2014 &#8211; oct. 2014<\/strong><br \/>Assembl\u00e9e nationale, OUAGADOUGOU<br \/><strong>Elu national<\/strong><br \/>D\u00e9put\u00e9 <strong>d\u00e9c. 2020 \u2013 janvier 2022<\/strong><br \/>Assembl\u00e9e nationale<br \/>Elu national<br \/>Maire de la commune de Falagountou\/ R\u00e9gion du sahel, <strong>juin <\/strong><br \/><strong>2016 &#8211; d\u00e9c. 2020<\/strong><br \/>\u2022 Elu local.<br \/>\u2022 Mise en oeuvre des d\u00e9cisions du conseil municipal<br \/>repr\u00e9sentation de la commune<br \/>Vice Pr\u00e9sident du Groupement de coop\u00e9ration <br \/>Transfrontali\u00e8re\/Sahel-Tillaberi, <strong>sept. 2019 &#8211; d\u00e9c. 2020<\/strong><br \/>\u2022 Seconder le pr\u00e9sident du Groupement dans la gestion<br \/>de l\u2019association<\/p><p>Pr\u00e9sident du Comit\u00e9 de Bassin de l\u2019Agence de l\u2019eau du <br \/>liptako, s<strong>ept. 2019 \u2013 en cours<\/strong><br \/>Pr\u00e9sident r\u00e9gional de l\u2019Association desmunicipalit\u00e9s du <br \/>Burkina AMBF, DORI, <strong>sept. 2016 &#8211; d\u00e9c. 2020<\/strong><br \/>\u2022 Gestion de l\u2019association des municipalit\u00e9s dans la r\u00e9gion <br \/>du sahel<br \/>Pr\u00e9sident du comit\u00e9 de gestion du Bureau des \u00e9l\u00e8ves de <br \/>l\u2019Ecole nationale des r\u00e9gies financi\u00e8res, <strong>avr. 2002 &#8211; nov. 2002<\/strong><br \/>\u2022 coordination des activit\u00e9s du bureau des \u00e9l\u00e8ves de <br \/>l\u2019ENAREF<br \/>Membre du bureau national du syndicat national des agents <br \/>des imp\u00f4ts et des domaines, CGTB\/SNAID, <strong>nov. 1999 &#8211; ao\u00fbt <\/strong><strong>2005<\/strong><br \/>\u2022 D\u00e9fense des int\u00e9r\u00eats du personnel de la direction g\u00e9n\u00e9rale des imp\u00f4ts<br \/>Membre, repr\u00e9sentant de la Pr\u00e9sidence du Faso, de la <br \/>commission constitutionnelle, <strong>2018-2019<\/strong><br \/>Dipl\u00f4mes et Certificats<br \/>CEPE juin 1984<br \/>BEPC juin 1989<br \/>Bacalaur\u00e9at s\u00e9rie C; Mention Assez Bien juin 1992<br \/>Dipl\u00f4me Cycle B ENAREF (vice major de Promotion) <strong>juin <\/strong><br \/><strong>1995<\/strong><br \/>Dipl\u00f4me Cycle A de l\u2019ENAREF Bac+5 en finances publiques, <br \/>option fiscalit\u00e9, (vice Major de Promotion) avril 2004<br \/>Licence en droit (option droit priv\u00e9) <strong>sept. 2013<\/strong><br \/>Mention Assez Bien<br \/>Certificat de l\u2019Ecole des mines de Paris en fiscalit\u00e9 mini\u00e8re, suivi <br \/>comptable et \u00e9valuation \u00e9conomique des projets miniers mai <br \/>2014<\/p><p><strong>Distinctions Honorifiques<\/strong><br \/>\u2022 Commandeur de l\u2019Ordre de l\u2019\u00e9talon (ordre national du <br \/>Burkina Faso), 2022<br \/>\u2022 Officier de l\u2019ordre national, 2015<br \/>\u2022 M\u00e9daill\u00e9 d\u2019Honneur des Eaux et For\u00eats, 2017<br \/>\u2022 Chevalier de l\u2019ordre du m\u00e9rite de la jeunesse<br \/>et des sports, agrafe Formation professionnelle, 2020<br \/>\u2022 Ambassadeur de Paix de la F\u00e9d\u00e9ration pour la paix <br \/>universelle, 2021<\/p><\/div>\n\t\t\t\t\t<\/div><\/div>\t\t\t\t<\/div>\n\t\t\t\t<\/div>\n\t\t\t\t<\/div>\n\t\t\t\t<div class=\"elementor-element elementor-element-93243aa elementor-absolute elementor-widget elementor-widget-image\" data-id=\"93243aa\" data-element_type=\"widget\" data-e-type=\"widget\" data-settings=\"{&quot;_position&quot;:&quot;absolute&quot;}\" data-widget_type=\"image.default\">\n\t\t\t\t<div class=\"elementor-widget-container\">\n\t\t\t\t\t\t\t\t\t\t\t\t\t\t\t<img decoding=\"async\" width=\"657\" height=\"332\" src=\"https:\/\/senegal.diplomatie.gov.bf\/wp-content\/uploads\/sites\/30\/2023\/11\/h4_about_shape01.png\" class=\"attachment-full size-full wp-image-1347\" alt=\"\" \/>\t\t\t\t\t\t\t\t\t\t\t\t\t\t\t<\/div>\n\t\t\t\t<\/div>\n\t\t\t\t\t<\/div>\n\t\t\t\t<\/div>\n\t\t\t\t<\/div>\n\t\t","protected":false},"excerpt":{"rendered":"<p>Son Excellence Monsieur Sa\u00efdou MAIGA Ambassadeur du Burkina Faso \u00e0 Dakar Parcours de l&rsquo;Ambassadeur ETAT CIVIL Nom: MA\u00cfGAPr\u00e9nom: Sa\u00efdou Profil:Inspecteur des imp\u00f4tsAdresse e-mail:tchimi71@gmail.comNum\u00e9ro de t\u00e9l\u00e9phone:70 20 85 37Date de naissance:21 f\u00e9vrier 1971Lieu de naissance:OUAGADOUGOUSexe:MasculinNationalit\u00e9BURKINABE\u00c9tat civil:Mari\u00e9, 1 enfant CURSUS SCOLAIRE ET UNIVERSITAIRE Ecole Primaire 1978 &#8211; 1984Ecole Dori A (cp1 &#8211; ce2)Ecole P\u00f4 B (cm1)\u00a0Ecole Sampelga [&hellip;]<\/p>\n","protected":false},"author":4,"featured_media":0,"parent":0,"menu_order":0,"comment_status":"closed","ping_status":"closed","template":"elementor_header_footer","meta":{"_acf_changed":false,"_monsterinsights_skip_tracking":false,"_monsterinsights_sitenote_active":false,"_monsterinsights_sitenote_note":"","_monsterinsights_sitenote_category":0,"footnotes":""},"class_list":["post-4160","page","type-page","status-publish","hentry"],"acf":[],"_links":{"self":[{"href":"https:\/\/senegal.diplomatie.gov.bf\/index.php\/wp-json\/wp\/v2\/pages\/4160","targetHints":{"allow":["GET"]}}],"collection":[{"href":"https:\/\/senegal.diplomatie.gov.bf\/index.php\/wp-json\/wp\/v2\/pages"}],"about":[{"href":"https:\/\/senegal.diplomatie.gov.bf\/index.php\/wp-json\/wp\/v2\/types\/page"}],"author":[{"embeddable":true,"href":"https:\/\/senegal.diplomatie.gov.bf\/index.php\/wp-json\/wp\/v2\/users\/4"}],"replies":[{"embeddable":true,"href":"https:\/\/senegal.diplomatie.gov.bf\/index.php\/wp-json\/wp\/v2\/comments?post=4160"}],"version-history":[{"count":223,"href":"https:\/\/senegal.diplomatie.gov.bf\/index.php\/wp-json\/wp\/v2\/pages\/4160\/revisions"}],"predecessor-version":[{"id":5207,"href":"https:\/\/senegal.diplomatie.gov.bf\/index.php\/wp-json\/wp\/v2\/pages\/4160\/revisions\/5207"}],"wp:attachment":[{"href":"https:\/\/senegal.diplomatie.gov.bf\/index.php\/wp-json\/wp\/v2\/media?parent=4160"}],"curies":[{"name":"wp","href":"https:\/\/api.w.org\/{rel}","templated":true}]}}